{"id":24,"date":"2017-11-11T19:04:10","date_gmt":"2017-11-11T19:04:10","guid":{"rendered":"http:\/\/gomera24.ricardotours.com\/?page_id=24"},"modified":"2026-04-09T20:57:35","modified_gmt":"2026-04-09T19:57:35","slug":"terminkalender","status":"publish","type":"page","link":"https:\/\/gomera24.ricardotours.com\/?page_id=24","title":{"rendered":"Terminkalender f\u00fcr geplante Gruppen-Rundfahrten"},"content":{"rendered":"<p><span style=\"font-family: 'arial black', sans-serif;\">Tage mit Aida oder Mein Schiff\u00a0 im Hafen von San Sebasti\u00e1n de la Gomera<\/span><strong><br \/><\/strong><\/p>\r\n<p><span style=\"font-family: 'arial black', sans-serif;\"><strong>Stand: 09.<\/strong><\/span><span style=\"font-family: 'arial black', sans-serif;\"><strong>04<\/strong><\/span><span style=\"font-family: 'arial black', sans-serif;\"><strong>.<\/strong><\/span><strong><span style=\"font-family: 'arial black', sans-serif;\">2026<\/span><br \/><\/strong><span style=\"background-color: #ffff00;\" data-darkreader-inline-bgcolor=\"\"><a style=\"background-color: #ffff00;\" href=\"https:\/\/gomera24.ricardotours.com\/?p=1699\" data-darkreader-inline-bgcolor=\"\"><span style=\"color: #000000;\" data-darkreader-inline-color=\"\">Abfahrtsinfos<\/span> weiter unten oder Link<\/a><\/span><\/p>\r\n<h1><strong><span style=\"font-size: 10pt;\">Textfarbe\u00a0<span style=\"color: #94c441;\" data-darkreader-inline-color=\"\">\u00a0<span style=\"color: #00ff00;\" data-darkreader-inline-color=\"\">\u00a0<span style=\"background-color: #000000;\" data-darkreader-inline-bgcolor=\"\">gr\u00fcn <\/span><\/span><\/span>= buchbar, <span style=\"color: #ff0000; background-color: #dadada;\" data-darkreader-inline-color=\"\" data-darkreader-inline-bgcolor=\"\">rot <\/span>= ausgebucht,\u00a0<br \/><\/span><\/strong><strong><span style=\"font-size: 10pt;\"><span style=\"background-color: #ffffff;\" data-darkreader-inline-bgcolor=\"\">schwarz<\/span> = auf Nachfrage<br \/><span style=\"background-color: #dadada; font-size: 14pt;\" data-darkreader-inline-bgcolor=\"\">Wartelisten<\/span> werden nach Erreichen der H\u00f6chstzahl f\u00fcr frei stornierbare Vormerkungen eingerichtet und werden insbesondere benutzt, wenn vorgemerkte Pl\u00e4tze letztlich nicht verbindlich gebucht werden. <\/span><\/strong><span style=\"font-family: arial, helvetica, sans-serif;\"><span style=\"color: #4e0000;\" data-darkreader-inline-color=\"\"><span style=\"font-family: 'arial black', sans-serif;\"><span style=\"font-family: arial, helvetica, sans-serif;\"><span style=\"font-family: 'arial black', sans-serif;\"><span style=\"font-family: arial, helvetica, sans-serif;\"><br \/>&#8212;&#8212;&#8212;&#8212;&#8212;&#8212;-<br \/><span style=\"font-size: 12pt;\">Hier k\u00f6nnen Sie live einen Blick auf den Hafen von San Sebasti\u00e1n de la Gomera werfen<strong><br \/><\/strong><\/span><\/span><\/span><\/span><\/span><\/span><\/span><a href=\"https:\/\/www.skylinewebcams.com\/de\/webcam\/espana\/canarias\/santa-cruz-de-tenerife\/san-sebastian-de-la-gomera.html\"><span style=\"font-size: 12pt;\"><span style=\"background-color: #ffff5e;\">skylinewebcams<\/span><\/span><\/a><\/h1>\r\n<p><a href=\"https:\/\/canariaslife.com\/portfolio-item\/webcams-live-de-la-gomera\/#cmaras-en-directo\"><strong><span style=\"background-color: #ffff5e;\">c<span style=\"background-color: #ffff00;\">amaras-en-direc<\/span><\/span><span style=\"background-color: #ffff00;\">to<\/span><\/strong><\/a><span style=\"font-size: 12pt; font-family: helvetica, arial, sans-serif;\"><span style=\"color: #4e0000;\"><br \/><\/span><\/span><\/p>\r\n<p>&nbsp;<\/p>\r\n<table style=\"width: 100%; border-collapse: collapse; border-style: solid; border-color: #eb0202; background-color: #ebde2a;\" border=\"200\">\r\n<tbody>\r\n<tr>\r\n<td style=\"width: 100%; text-align: center;\">\r\n<p><span data-darkreader-inline-bgcolor=\"\" data-darkreader-inline-color=\"\"><span style=\"font-family: arial black, sans-serif; font-size: 14pt;\"><strong><span style=\"font-size: 18pt;\">Abfahrtsinfos<\/span><br \/><\/strong><\/span><strong><span style=\"font-family: arial black, sans-serif;\">Ricardo wartet auf Sie am Eingang des Hafengeb\u00e4udes<br \/><\/span><\/strong><\/span><span data-darkreader-inline-bgcolor=\"\" data-darkreader-inline-color=\"\"><strong> (Fotos weiter unten).<\/strong><br \/><span style=\"font-family: arial black, sans-serif;\"><strong>Hinweisschild: <\/strong><strong>RICARDO\u00a0TOURS<\/strong><\/span><br \/><br \/><strong><span style=\"font-family: arial black, sans-serif;\">Check-in im Regelfall: zwischen 8:30 Uhr und 8:45 Uhr am Eingang des Hafengeb\u00e4udes (Abweichungen werden individuell mitgeteilt)<\/span><\/strong><br \/><strong>Bitte nehmen Sie stets zuerst Kontakt mit Ricardo im Hafengeb\u00e4ude auf. <br \/>Bitte<\/strong><\/span><span data-darkreader-inline-bgcolor=\"\" data-darkreader-inline-color=\"\"><strong> gehen Sie nicht direkt zu einem Bus.<\/strong><\/span><\/p>\r\n<\/td>\r\n<\/tr>\r\n<\/tbody>\r\n<\/table>\r\n<p><span style=\"font-family: arial, helvetica, sans-serif; font-size: 10pt;\"><span style=\"color: #000000;\" data-darkreader-inline-color=\"\">Fa<\/span>lls, z.B. wegen Versp\u00e4tungen, bei der Ankunft eine <span style=\"background-color: #ffff00;\">kurzfristige Kontaktaufnahme<\/span> n\u00f6tig wird, rufen Sie bitte <span style=\"background-color: #ffff00;\">Ricardo unter +34 676822980<\/span> an. Sie sollten daf\u00fcr vorsichtshalber auch Ihre Mobilfunknummer (auch Whatsapp?) mitteilen. Das empfiehlt sich besonders bei einer l\u00e4ngeren Anreise des Schiffs.<br \/>Wenn Sie einen <span style=\"background-color: #ffff00;\">Anruf vom Team<\/span> bekommen, geschieht dies in der Regel per VOIP und es wird nur die Rufnummer des Providers (<span style=\"background-color: #ffff00;\">Alicante +34 &#8230; 534<\/span>) angezeigt, die <span style=\"background-color: #ffff00;\">nicht anrufbar <\/span>ist.<\/span><\/p>\r\n<p><span style=\"font-family: arial black, sans-serif;\">\r\n\r\n<\/span><\/p>\r\n<p class=\"wp-block-gallery-1 is-layout-flex wp-block-gallery-is-layout-flex\"><span style=\"font-family: arial black, sans-serif; background-color: #ffff00;\"><span style=\"font-size: 18pt;\">Saison 2025\/26<\/span><br \/><\/span><span style=\"font-family: arial, helvetica, sans-serif;\"><span style=\"font-size: 10pt;\">Da die Liegezeiten f\u00fcr einige AIDA-Schiffe\u00a0 oft nicht den bisher \u00fcblichen Liegezeiten von 10 Stunden entsprechen, bieten wir insoweit ein <strong>verk\u00fcrztes Programm<\/strong><\/span> <span style=\"font-size: 10pt;\"><strong>ohne Abstecher Valle Gran Rey<\/strong> an.<br \/><\/span><\/span><span style=\"font-size: 10pt; font-family: arial, helvetica, sans-serif;\">Wir bieten versuchsweise auch Rundfahrten f\u00fcr die Costa Fortuna an. <br \/>F\u00fcr eine Gruppe von bis zu acht Teilnehmern k\u00f6nnen wir auf Anfrage einen Gesamtpreis mit Minibus anbieten. Der Minibus (mit bis zu acht Teilnehmern) kann bis zum &#8220;Skywalk&#8221; durchfahren.<br \/><\/span><span style=\"font-size: 10pt;\"><span style=\"font-family: arial, helvetica, sans-serif;\">Die Preise schlie\u00dfen bei Fahrten in den normalen kleineren Bussen mit <strong>&#8220;Skywalk&#8221;<\/strong> die durchschnittlichen Kosten des gesonderten Transfers pauschal mit ein, <strong>ohne R\u00fccksicht darauf, ob ein Gast an dem Abstecher tats\u00e4chlich teilnimmt oder nicht<\/strong><\/span>.<\/span><\/p>\r\n<table style=\"height: 94px; width: 100%; border-collapse: collapse; background-color: #ebdb07;\">\r\n<tbody>\r\n<tr style=\"height: 94px;\">\r\n<td style=\"width: 100%; height: 94px; text-align: center;\"><span style=\"font-family: arial black, sans-serif; font-size: 10pt;\">Auf Wunsch merken wir Sie zun\u00e4chst unverbindlich und kostenlos f\u00fcr im Terminkalender genannte Tage vor. Sp\u00e4testens sechs Wochen vor dem Termin kontaktieren wir Sie dann mit einem Rundschreiben und allen n\u00f6tigen Infos zum \u00dcbergang auf verbindliche Buchungen.<\/span><\/td>\r\n<\/tr>\r\n<\/tbody>\r\n<\/table>\r\n<p style=\"text-align: center;\"><span style=\"font-family: arial black, sans-serif;\"><strong>Verbleibende Saison 2025\/26\u00a0<\/strong><\/span><\/p>\r\n<ul>\r\n<li><strong><span style=\"font-size: 10pt;\">mit Valle Gran Rey (Liegezeit des Schiffs mindestens 10 Stunden) &#8211; Preis ab 10 Teilnehmern 56 \u20ac pro Person einschlie\u00dflich Transfer &#8220;Skywalk&#8221;:<br \/><\/span><\/strong><span style=\"font-size: 10pt;\"><strong>Mein Schiff\u00a0 7<\/strong><\/span><span style=\"font-size: 10pt;\"><span style=\"font-size: 10pt;\"><span style=\"font-family: arial, helvetica, sans-serif;\">\u00a0<\/span><\/span><\/span><span style=\"font-size: 10pt;\"><span style=\"font-size: 10pt;\"><br \/><span style=\"background-color: #ff5e5e;\"><span style=\"font-family: arial, helvetica, sans-serif;\">19.04.26<\/span><\/span><span style=\"font-family: arial, helvetica, sans-serif;\">\u00a0 \u00a0 ausgebucht<\/span><span style=\"background-color: #00ff00;\"><br \/><\/span><\/span><\/span>________________________<br \/><span style=\"font-size: 10pt;\"><br \/><\/span><span style=\"font-size: 10pt;\"><span style=\"font-size: 8pt;\"><br \/><\/span><\/span>____________________________<br \/><em><span style=\"font-size: 10pt;\"><strong><br \/><\/strong><\/span><\/em><span style=\"font-size: 10pt;\"><br \/><\/span><span style=\"font-size: 10pt;\">__________________<\/span><\/li>\r\n<li style=\"text-align: left;\"><span style=\"font-size: 10pt;\"><span style=\"font-size: 8pt;\"><em>ohne Valle Gran Rey (Liegezeit des Schiffs bis zu 9 Stunden) &#8211; Preis ab 10 Teilnehmern 51 \u20ac p.P. einschlie\u00dflich Transfer &#8220;Skywalk&#8221;:<\/em><\/span><br \/><span style=\"font-family: arial, helvetica, sans-serif;\">\u00a0 \u00a0 \u00a0 \u00a0<\/span><\/span><span style=\"font-size: 10pt;\"><span style=\"background-color: #00f200;\"><br \/><\/span><span style=\"background-color: #dadada;\">__________________<\/span>____________________________<\/span><\/li>\r\n<\/ul>\r\n<table style=\"height: 70px; width: 77.4233%; border-collapse: collapse; border-style: solid;\">\r\n<tbody>\r\n<tr style=\"height: 93px;\">\r\n<td style=\"width: 432.733px; height: 70px;\">\r\n<p style=\"text-align: center;\"><strong><span style=\"font-size: 8pt;\">Zuschl\u00e4ge bei weniger als 10 Teilnehmern insgesamt. <br \/><\/span><\/strong><strong><span style=\"font-size: 8pt;\">Falls n\u00f6tig, wird ein Angebot im Rundschreiben oder individuell gemacht.<\/span><\/strong><\/p>\r\n<\/td>\r\n<\/tr>\r\n<\/tbody>\r\n<\/table>\r\n<p><span style=\"font-size: 18pt; font-family: arial black, sans-serif;\"><strong>Ausblick Saison 2026\/27<\/strong><\/span><\/p>\r\n<p>03.11.26 Mein Schiff 3<br \/><br \/>18.+20.11.26 +2.12.26 + 03.+15+27.01.27 + 10.+24.2.27<br \/>+12.3.27+07.04.27 Mein Schiff 7<\/p>\r\n<p>21. + 30.11.26 + 14.12.26 + 11.01.27 AIDAblu<\/p>\r\n<p>27.12.26 AIDAluna<\/p>\r\n<p><em>26<\/em>.01.27 +08.+22.02.27 + 08.03.27 + 05.04.27 AIDAmar<\/p>\r\n<p>01.01.27 + 04.+11.+16.02.27 + 02.+09.+16.03.27 Costa Pacifica<\/p>\r\n<p>&nbsp;<\/p>\r\n<p><img loading=\"lazy\" decoding=\"async\" class=\"aligncenter wp-image-848 \" title=\"Hafen-Kontrollschranke\" src=\"https:\/\/gomera24.ricardotours.com\/wp-content\/uploads\/2019\/03\/SanSebastian_Kontrollschranke_2-1024x576.jpg\" alt=\"\" width=\"728\" height=\"410\" srcset=\"https:\/\/gomera24.ricardotours.com\/wp-content\/uploads\/2019\/03\/SanSebastian_Kontrollschranke_2-1024x576.jpg 1024w, https:\/\/gomera24.ricardotours.com\/wp-content\/uploads\/2019\/03\/SanSebastian_Kontrollschranke_2-150x84.jpg 150w, https:\/\/gomera24.ricardotours.com\/wp-content\/uploads\/2019\/03\/SanSebastian_Kontrollschranke_2-300x169.jpg 300w, https:\/\/gomera24.ricardotours.com\/wp-content\/uploads\/2019\/03\/SanSebastian_Kontrollschranke_2-768x432.jpg 768w, https:\/\/gomera24.ricardotours.com\/wp-content\/uploads\/2019\/03\/SanSebastian_Kontrollschranke_2-1200x675.jpg 1200w, https:\/\/gomera24.ricardotours.com\/wp-content\/uploads\/2019\/03\/SanSebastian_Kontrollschranke_2.jpg 1328w\" sizes=\"auto, (max-width: 728px) 85vw, 728px\" \/><\/p>\r\n<p style=\"text-align: center;\"><strong>Kontrollschranke &#8211; zum Hafengeb\u00e4ude geht es rund 300 Meter weiter geradeaus\u00a0<\/strong><\/p>\r\n<figure id=\"attachment_1741\" aria-describedby=\"caption-attachment-1741\" style=\"width: 840px\" class=\"wp-caption alignnone\"><img loading=\"lazy\" decoding=\"async\" class=\"wp-image-1741 size-large\" src=\"https:\/\/gomera24.ricardotours.com\/wp-content\/uploads\/2020\/03\/Fussweg_zum_Treffpunkt-1024x469.jpg\" alt=\"\" width=\"840\" height=\"385\" srcset=\"https:\/\/gomera24.ricardotours.com\/wp-content\/uploads\/2020\/03\/Fussweg_zum_Treffpunkt-1024x469.jpg 1024w, https:\/\/gomera24.ricardotours.com\/wp-content\/uploads\/2020\/03\/Fussweg_zum_Treffpunkt-300x137.jpg 300w, https:\/\/gomera24.ricardotours.com\/wp-content\/uploads\/2020\/03\/Fussweg_zum_Treffpunkt-150x69.jpg 150w, https:\/\/gomera24.ricardotours.com\/wp-content\/uploads\/2020\/03\/Fussweg_zum_Treffpunkt-768x352.jpg 768w, https:\/\/gomera24.ricardotours.com\/wp-content\/uploads\/2020\/03\/Fussweg_zum_Treffpunkt-1536x704.jpg 1536w, https:\/\/gomera24.ricardotours.com\/wp-content\/uploads\/2020\/03\/Fussweg_zum_Treffpunkt-1200x550.jpg 1200w, https:\/\/gomera24.ricardotours.com\/wp-content\/uploads\/2020\/03\/Fussweg_zum_Treffpunkt.jpg 2048w\" sizes=\"auto, (max-width: 709px) 85vw, (max-width: 909px) 67vw, (max-width: 1362px) 62vw, 840px\" \/><figcaption id=\"caption-attachment-1741\" class=\"wp-caption-text\"><strong><span style=\"font-family: 'arial black', sans-serif;\">Weg von der Kontrollschranke zum Hafengeb\u00e4ude (im Hintergrund)<\/span><\/strong><\/figcaption><\/figure>\r\n<p style=\"text-align: center;\"><br \/><strong><img loading=\"lazy\" decoding=\"async\" class=\"wp-image-1727 size-large aligncenter\" src=\"https:\/\/gomera24.ricardotours.com\/wp-content\/uploads\/2020\/03\/Hafengebaeude_clip-1024x529.jpg\" alt=\"\" width=\"840\" height=\"434\" srcset=\"https:\/\/gomera24.ricardotours.com\/wp-content\/uploads\/2020\/03\/Hafengebaeude_clip-1024x529.jpg 1024w, https:\/\/gomera24.ricardotours.com\/wp-content\/uploads\/2020\/03\/Hafengebaeude_clip-300x155.jpg 300w, https:\/\/gomera24.ricardotours.com\/wp-content\/uploads\/2020\/03\/Hafengebaeude_clip-150x77.jpg 150w, https:\/\/gomera24.ricardotours.com\/wp-content\/uploads\/2020\/03\/Hafengebaeude_clip-768x396.jpg 768w, https:\/\/gomera24.ricardotours.com\/wp-content\/uploads\/2020\/03\/Hafengebaeude_clip-1536x793.jpg 1536w, https:\/\/gomera24.ricardotours.com\/wp-content\/uploads\/2020\/03\/Hafengebaeude_clip-2048x1057.jpg 2048w, https:\/\/gomera24.ricardotours.com\/wp-content\/uploads\/2020\/03\/Hafengebaeude_clip-1200x619.jpg 1200w\" sizes=\"auto, (max-width: 709px) 85vw, (max-width: 909px) 67vw, (max-width: 1362px) 62vw, 840px\" \/><\/strong><strong><br \/>Treffpunkt im Hafengeb\u00e4ude<\/strong><\/p>\r\n<p>&nbsp;<\/p>\r\n<p><strong>Beispiel <\/strong>Bus <span style=\"font-size: 10pt;\">bei kleineren Gruppen. Die Busgr\u00f6\u00dfe wird der Gruppengr\u00f6\u00dfe angepasst.<\/span><img loading=\"lazy\" decoding=\"async\" class=\"alignnone wp-image-2285 \" src=\"https:\/\/gomera24.ricardotours.com\/wp-content\/uploads\/2022\/12\/IMG-BusMAN19-300x135.jpg\" alt=\"\" width=\"752\" height=\"338\" data-id=\"409\" srcset=\"https:\/\/gomera24.ricardotours.com\/wp-content\/uploads\/2022\/12\/IMG-BusMAN19-300x135.jpg 300w, https:\/\/gomera24.ricardotours.com\/wp-content\/uploads\/2022\/12\/IMG-BusMAN19-1024x461.jpg 1024w, https:\/\/gomera24.ricardotours.com\/wp-content\/uploads\/2022\/12\/IMG-BusMAN19-150x68.jpg 150w, https:\/\/gomera24.ricardotours.com\/wp-content\/uploads\/2022\/12\/IMG-BusMAN19-768x346.jpg 768w, https:\/\/gomera24.ricardotours.com\/wp-content\/uploads\/2022\/12\/IMG-BusMAN19-1536x692.jpg 1536w, https:\/\/gomera24.ricardotours.com\/wp-content\/uploads\/2022\/12\/IMG-BusMAN19-1200x540.jpg 1200w, https:\/\/gomera24.ricardotours.com\/wp-content\/uploads\/2022\/12\/IMG-BusMAN19.jpg 2016w\" sizes=\"auto, (max-width: 752px) 85vw, 752px\" \/><\/p>\r\n<p style=\"text-align: left;\"><img loading=\"lazy\" decoding=\"async\" class=\"alignnone  wp-image-1542\" src=\"https:\/\/gomera24.ricardotours.com\/wp-content\/uploads\/2020\/01\/IMG-20191207MeinSchiffHerz2s-300x226.png\" alt=\"Neuerdings mit dem Bug voraus im Hafen\" width=\"653\" height=\"492\" srcset=\"https:\/\/gomera24.ricardotours.com\/wp-content\/uploads\/2020\/01\/IMG-20191207MeinSchiffHerz2s-300x226.png 300w, https:\/\/gomera24.ricardotours.com\/wp-content\/uploads\/2020\/01\/IMG-20191207MeinSchiffHerz2s-150x113.png 150w, https:\/\/gomera24.ricardotours.com\/wp-content\/uploads\/2020\/01\/IMG-20191207MeinSchiffHerz2s-768x578.png 768w, https:\/\/gomera24.ricardotours.com\/wp-content\/uploads\/2020\/01\/IMG-20191207MeinSchiffHerz2s.png 1024w\" sizes=\"auto, (max-width: 653px) 85vw, 653px\" \/>\u00a0 \u00a0 \u00a0 \u00a0 \u00a0 \u00a0 \u00a0 \u00a0 \u00a0 \u00a0 \u00a0 \u00a0 \u00a0 \u00a0 \u00a0 \u00a0<\/p>\r\n<p style=\"text-align: left;\">Mein Schiff\u00a0 Herz &#8211; vor\u00fcbergehend mal mit dem Bug voraus im Hafen<\/p>\r\n\r\n\r\n","protected":false},"excerpt":{"rendered":"<p>Tage mit Aida oder Mein Schiff\u00a0 im Hafen von San Sebasti\u00e1n de la Gomera Stand: 09.04.2026Abfahrtsinfos weiter unten oder Link Textfarbe\u00a0\u00a0\u00a0gr\u00fcn = buchbar, rot = ausgebucht,\u00a0schwarz = auf NachfrageWartelisten werden nach Erreichen der H\u00f6chstzahl f\u00fcr frei stornierbare Vormerkungen eingerichtet und werden insbesondere benutzt, wenn vorgemerkte Pl\u00e4tze letztlich nicht verbindlich gebucht werden. &#8212;&#8212;&#8212;&#8212;&#8212;&#8212;-Hier k\u00f6nnen Sie live &hellip; <a href=\"https:\/\/gomera24.ricardotours.com\/?page_id=24\" class=\"more-link\"><span class=\"screen-reader-text\">\u201eTerminkalender f\u00fcr geplante Gruppen-Rundfahrten\u201c<\/span> weiterlesen<\/a><\/p>\n","protected":false},"author":1,"featured_media":0,"parent":0,"menu_order":0,"comment_status":"closed","ping_status":"closed","template":"","meta":{"footnotes":""},"class_list":["post-24","page","type-page","status-publish","hentry"],"yoast_head":"<!-- This site is optimized with the Yoast SEO plugin v27.3 - https:\/\/yoast.com\/product\/yoast-seo-wordpress\/ -->\n<title>Terminkalender f\u00fcr geplante Gruppen-Rundfahrten - RicardoTours<\/title>\n<meta name=\"description\" content=\"list of tours offered, meeting point and time\" \/>\n<meta name=\"robots\" content=\"index, follow, max-snippet:-1, max-image-preview:large, max-video-preview:-1\" \/>\n<link rel=\"canonical\" href=\"https:\/\/gomera24.ricardotours.com\/?page_id=24\" \/>\n<meta property=\"og:locale\" content=\"de_DE\" \/>\n<meta property=\"og:type\" content=\"article\" \/>\n<meta property=\"og:title\" content=\"Terminkalender f\u00fcr geplante Gruppen-Rundfahrten - RicardoTours\" \/>\n<meta property=\"og:description\" content=\"list of tours offered, meeting point and time\" \/>\n<meta property=\"og:url\" content=\"https:\/\/gomera24.ricardotours.com\/?page_id=24\" \/>\n<meta property=\"og:site_name\" content=\"RicardoTours\" \/>\n<meta property=\"article:modified_time\" content=\"2026-04-09T19:57:35+00:00\" \/>\n<meta property=\"og:image\" content=\"http:\/\/gomera24.ricardotours.com\/wp-content\/uploads\/2019\/03\/SanSebastian_Kontrollschranke_2-1024x576.jpg\" \/>\n<meta name=\"twitter:card\" content=\"summary_large_image\" \/>\n<meta name=\"twitter:label1\" content=\"Est. reading time\" \/>\n\t<meta name=\"twitter:data1\" content=\"4 Minuten\" \/>\n<script type=\"application\/ld+json\" class=\"yoast-schema-graph\">{\"@context\":\"https:\\\/\\\/schema.org\",\"@graph\":[{\"@type\":\"WebPage\",\"@id\":\"https:\\\/\\\/gomera24.ricardotours.com\\\/?page_id=24\",\"url\":\"https:\\\/\\\/gomera24.ricardotours.com\\\/?page_id=24\",\"name\":\"Terminkalender f\u00fcr geplante Gruppen-Rundfahrten - RicardoTours\",\"isPartOf\":{\"@id\":\"https:\\\/\\\/gomera24.ricardotours.com\\\/#website\"},\"primaryImageOfPage\":{\"@id\":\"https:\\\/\\\/gomera24.ricardotours.com\\\/?page_id=24#primaryimage\"},\"image\":{\"@id\":\"https:\\\/\\\/gomera24.ricardotours.com\\\/?page_id=24#primaryimage\"},\"thumbnailUrl\":\"http:\\\/\\\/gomera24.ricardotours.com\\\/wp-content\\\/uploads\\\/2019\\\/03\\\/SanSebastian_Kontrollschranke_2-1024x576.jpg\",\"datePublished\":\"2017-11-11T19:04:10+00:00\",\"dateModified\":\"2026-04-09T19:57:35+00:00\",\"description\":\"list of tours offered, meeting point and time\",\"breadcrumb\":{\"@id\":\"https:\\\/\\\/gomera24.ricardotours.com\\\/?page_id=24#breadcrumb\"},\"inLanguage\":\"de-DE\",\"potentialAction\":[{\"@type\":\"ReadAction\",\"target\":[\"https:\\\/\\\/gomera24.ricardotours.com\\\/?page_id=24\"]}]},{\"@type\":\"ImageObject\",\"inLanguage\":\"de-DE\",\"@id\":\"https:\\\/\\\/gomera24.ricardotours.com\\\/?page_id=24#primaryimage\",\"url\":\"http:\\\/\\\/gomera24.ricardotours.com\\\/wp-content\\\/uploads\\\/2019\\\/03\\\/SanSebastian_Kontrollschranke_2-1024x576.jpg\",\"contentUrl\":\"http:\\\/\\\/gomera24.ricardotours.com\\\/wp-content\\\/uploads\\\/2019\\\/03\\\/SanSebastian_Kontrollschranke_2-1024x576.jpg\"},{\"@type\":\"BreadcrumbList\",\"@id\":\"https:\\\/\\\/gomera24.ricardotours.com\\\/?page_id=24#breadcrumb\",\"itemListElement\":[{\"@type\":\"ListItem\",\"position\":1,\"name\":\"Home\",\"item\":\"https:\\\/\\\/gomera24.ricardotours.com\\\/\"},{\"@type\":\"ListItem\",\"position\":2,\"name\":\"Terminkalender f\u00fcr geplante Gruppen-Rundfahrten\"}]},{\"@type\":\"WebSite\",\"@id\":\"https:\\\/\\\/gomera24.ricardotours.com\\\/#website\",\"url\":\"https:\\\/\\\/gomera24.ricardotours.com\\\/\",\"name\":\"RicardoTours\",\"description\":\"Rundfahrten auf La Gomera\",\"publisher\":{\"@id\":\"https:\\\/\\\/gomera24.ricardotours.com\\\/#organization\"},\"potentialAction\":[{\"@type\":\"SearchAction\",\"target\":{\"@type\":\"EntryPoint\",\"urlTemplate\":\"https:\\\/\\\/gomera24.ricardotours.com\\\/?s={search_term_string}\"},\"query-input\":{\"@type\":\"PropertyValueSpecification\",\"valueRequired\":true,\"valueName\":\"search_term_string\"}}],\"inLanguage\":\"de-DE\"},{\"@type\":\"Organization\",\"@id\":\"https:\\\/\\\/gomera24.ricardotours.com\\\/#organization\",\"name\":\"RicardoTours\",\"url\":\"https:\\\/\\\/gomera24.ricardotours.com\\\/\",\"logo\":{\"@type\":\"ImageObject\",\"inLanguage\":\"de-DE\",\"@id\":\"https:\\\/\\\/gomera24.ricardotours.com\\\/#\\\/schema\\\/logo\\\/image\\\/\",\"url\":\"https:\\\/\\\/gomera24.ricardotours.com\\\/wp-content\\\/uploads\\\/2017\\\/11\\\/walkingselfie.jpg\",\"contentUrl\":\"https:\\\/\\\/gomera24.ricardotours.com\\\/wp-content\\\/uploads\\\/2017\\\/11\\\/walkingselfie.jpg\",\"width\":640,\"height\":640,\"caption\":\"RicardoTours\"},\"image\":{\"@id\":\"https:\\\/\\\/gomera24.ricardotours.com\\\/#\\\/schema\\\/logo\\\/image\\\/\"}}]}<\/script>\n<!-- \/ Yoast SEO plugin. -->","yoast_head_json":{"title":"Terminkalender f\u00fcr geplante Gruppen-Rundfahrten - RicardoTours","description":"list of tours offered, meeting point and time","robots":{"index":"index","follow":"follow","max-snippet":"max-snippet:-1","max-image-preview":"max-image-preview:large","max-video-preview":"max-video-preview:-1"},"canonical":"https:\/\/gomera24.ricardotours.com\/?page_id=24","og_locale":"de_DE","og_type":"article","og_title":"Terminkalender f\u00fcr geplante Gruppen-Rundfahrten - RicardoTours","og_description":"list of tours offered, meeting point and time","og_url":"https:\/\/gomera24.ricardotours.com\/?page_id=24","og_site_name":"RicardoTours","article_modified_time":"2026-04-09T19:57:35+00:00","og_image":[{"url":"http:\/\/gomera24.ricardotours.com\/wp-content\/uploads\/2019\/03\/SanSebastian_Kontrollschranke_2-1024x576.jpg","type":"","width":"","height":""}],"twitter_card":"summary_large_image","twitter_misc":{"Est. reading time":"4 Minuten"},"schema":{"@context":"https:\/\/schema.org","@graph":[{"@type":"WebPage","@id":"https:\/\/gomera24.ricardotours.com\/?page_id=24","url":"https:\/\/gomera24.ricardotours.com\/?page_id=24","name":"Terminkalender f\u00fcr geplante Gruppen-Rundfahrten - RicardoTours","isPartOf":{"@id":"https:\/\/gomera24.ricardotours.com\/#website"},"primaryImageOfPage":{"@id":"https:\/\/gomera24.ricardotours.com\/?page_id=24#primaryimage"},"image":{"@id":"https:\/\/gomera24.ricardotours.com\/?page_id=24#primaryimage"},"thumbnailUrl":"http:\/\/gomera24.ricardotours.com\/wp-content\/uploads\/2019\/03\/SanSebastian_Kontrollschranke_2-1024x576.jpg","datePublished":"2017-11-11T19:04:10+00:00","dateModified":"2026-04-09T19:57:35+00:00","description":"list of tours offered, meeting point and time","breadcrumb":{"@id":"https:\/\/gomera24.ricardotours.com\/?page_id=24#breadcrumb"},"inLanguage":"de-DE","potentialAction":[{"@type":"ReadAction","target":["https:\/\/gomera24.ricardotours.com\/?page_id=24"]}]},{"@type":"ImageObject","inLanguage":"de-DE","@id":"https:\/\/gomera24.ricardotours.com\/?page_id=24#primaryimage","url":"http:\/\/gomera24.ricardotours.com\/wp-content\/uploads\/2019\/03\/SanSebastian_Kontrollschranke_2-1024x576.jpg","contentUrl":"http:\/\/gomera24.ricardotours.com\/wp-content\/uploads\/2019\/03\/SanSebastian_Kontrollschranke_2-1024x576.jpg"},{"@type":"BreadcrumbList","@id":"https:\/\/gomera24.ricardotours.com\/?page_id=24#breadcrumb","itemListElement":[{"@type":"ListItem","position":1,"name":"Home","item":"https:\/\/gomera24.ricardotours.com\/"},{"@type":"ListItem","position":2,"name":"Terminkalender f\u00fcr geplante Gruppen-Rundfahrten"}]},{"@type":"WebSite","@id":"https:\/\/gomera24.ricardotours.com\/#website","url":"https:\/\/gomera24.ricardotours.com\/","name":"RicardoTours","description":"Rundfahrten auf La Gomera","publisher":{"@id":"https:\/\/gomera24.ricardotours.com\/#organization"},"potentialAction":[{"@type":"SearchAction","target":{"@type":"EntryPoint","urlTemplate":"https:\/\/gomera24.ricardotours.com\/?s={search_term_string}"},"query-input":{"@type":"PropertyValueSpecification","valueRequired":true,"valueName":"search_term_string"}}],"inLanguage":"de-DE"},{"@type":"Organization","@id":"https:\/\/gomera24.ricardotours.com\/#organization","name":"RicardoTours","url":"https:\/\/gomera24.ricardotours.com\/","logo":{"@type":"ImageObject","inLanguage":"de-DE","@id":"https:\/\/gomera24.ricardotours.com\/#\/schema\/logo\/image\/","url":"https:\/\/gomera24.ricardotours.com\/wp-content\/uploads\/2017\/11\/walkingselfie.jpg","contentUrl":"https:\/\/gomera24.ricardotours.com\/wp-content\/uploads\/2017\/11\/walkingselfie.jpg","width":640,"height":640,"caption":"RicardoTours"},"image":{"@id":"https:\/\/gomera24.ricardotours.com\/#\/schema\/logo\/image\/"}}]}},"_links":{"self":[{"href":"https:\/\/gomera24.ricardotours.com\/index.php?rest_route=\/wp\/v2\/pages\/24","targetHints":{"allow":["GET"]}}],"collection":[{"href":"https:\/\/gomera24.ricardotours.com\/index.php?rest_route=\/wp\/v2\/pages"}],"about":[{"href":"https:\/\/gomera24.ricardotours.com\/index.php?rest_route=\/wp\/v2\/types\/page"}],"author":[{"embeddable":true,"href":"https:\/\/gomera24.ricardotours.com\/index.php?rest_route=\/wp\/v2\/users\/1"}],"replies":[{"embeddable":true,"href":"https:\/\/gomera24.ricardotours.com\/index.php?rest_route=%2Fwp%2Fv2%2Fcomments&post=24"}],"version-history":[{"count":3066,"href":"https:\/\/gomera24.ricardotours.com\/index.php?rest_route=\/wp\/v2\/pages\/24\/revisions"}],"predecessor-version":[{"id":4135,"href":"https:\/\/gomera24.ricardotours.com\/index.php?rest_route=\/wp\/v2\/pages\/24\/revisions\/4135"}],"wp:attachment":[{"href":"https:\/\/gomera24.ricardotours.com\/index.php?rest_route=%2Fwp%2Fv2%2Fmedia&parent=24"}],"curies":[{"name":"wp","href":"https:\/\/api.w.org\/{rel}","templated":true}]}}